{"id":105,"date":"2026-03-07T00:13:56","date_gmt":"2026-03-07T00:13:56","guid":{"rendered":"https:\/\/qualicall.com.br\/?page_id=105"},"modified":"2026-03-08T22:10:29","modified_gmt":"2026-03-08T22:10:29","slug":"portfolio","status":"publish","type":"page","link":"https:\/\/qualicall.com.br\/index.php\/portfolio\/","title":{"rendered":"PORTFOLIO"},"content":{"rendered":"<div data-colibri-id=\"105-c1\" class=\"style-381 style-local-105-c1 position-relative\">\n  <!---->\n  <div data-colibri-component=\"section\" data-colibri-id=\"105-c2\" id=\"custom\" class=\"h-section h-section-global-spacing d-flex align-items-lg-center align-items-md-center align-items-center style-382 style-local-105-c2 position-relative\">\n    <!---->\n    <!---->\n    <div class=\"h-section-grid-container h-section-boxed-container\">\n      <!---->\n      <div data-colibri-id=\"105-c3\" class=\"h-row-container gutters-row-lg-1 gutters-row-md-1 gutters-row-0 gutters-row-v-lg-1 gutters-row-v-md-1 gutters-row-v-1 style-383 style-local-105-c3 position-relative\">\n        <!---->\n        <div class=\"h-row justify-content-lg-center justify-content-md-center justify-content-center align-items-lg-stretch align-items-md-stretch align-items-stretch gutters-col-lg-1 gutters-col-md-1 gutters-col-0 gutters-col-v-lg-1 gutters-col-v-md-1 gutters-col-v-1\">\n          <!---->\n          <div class=\"h-column h-column-container d-flex h-col-lg-auto h-col-md-auto h-col-auto style-384-outer style-local-105-c4-outer\">\n            <div data-colibri-id=\"105-c4\" class=\"d-flex h-flex-basis h-column__inner h-px-lg-1 h-px-md-1 h-px-1 v-inner-lg-1 v-inner-md-1 v-inner-1 style-384 style-local-105-c4 position-relative\">\n              <!---->\n              <!---->\n              <div class=\"w-100 h-y-container h-column__content h-column__v-align flex-basis-100 align-self-lg-start align-self-md-start align-self-start\">\n                <!---->\n                <div data-colibri-id=\"105-c5\" class=\"h-text h-text-component style-385 style-local-105-c5 position-relative h-element\">\n                  <!---->\n                  <!---->\n                  <div class=\"\">\n                    <p><strong>PORTFOLIO DE SERVI\u00c7OS<\/strong><\/p>\n                  <\/div>\n                <\/div>\n              <\/div>\n            <\/div>\n          <\/div>\n        <\/div>\n      <\/div>\n      <div data-colibri-id=\"105-c6\" class=\"h-row-container gutters-row-lg-1 gutters-row-md-1 gutters-row-0 gutters-row-v-lg-1 gutters-row-v-md-1 gutters-row-v-1 style-774 style-local-105-c6 position-relative\">\n        <!---->\n        <div class=\"h-row justify-content-lg-center justify-content-md-center justify-content-center align-items-lg-stretch align-items-md-stretch align-items-stretch gutters-col-lg-1 gutters-col-md-1 gutters-col-0 gutters-col-v-lg-1 gutters-col-v-md-1 gutters-col-v-1\">\n          <!---->\n          <div class=\"h-column h-column-container d-flex h-col-lg-auto h-col-md-auto h-col-auto style-775-outer style-local-105-c7-outer\">\n            <div data-colibri-id=\"105-c7\" class=\"d-flex h-flex-basis h-column__inner h-px-lg-2 h-px-md-2 h-px-2 v-inner-lg-2 v-inner-md-2 v-inner-2 style-775 style-local-105-c7 position-relative\">\n              <!---->\n              <!---->\n              <div class=\"w-100 h-y-container h-column__content h-column__v-align flex-basis-100 align-self-lg-start align-self-md-start align-self-start\">\n                <!---->\n                <div data-colibri-id=\"105-c8\" class=\"h-row-container gutters-row-lg-3 gutters-row-md-3 gutters-row-0 gutters-row-v-lg-3 gutters-row-v-md-3 gutters-row-v-3 style-777 style-local-105-c8 position-relative\">\n                  <!---->\n                  <div class=\"h-row justify-content-lg-center justify-content-md-center justify-content-center align-items-lg-stretch align-items-md-stretch align-items-stretch gutters-col-lg-3 gutters-col-md-3 gutters-col-0 gutters-col-v-lg-3 gutters-col-v-md-3 gutters-col-v-3\">\n                    <!---->\n                    <div class=\"h-column h-column-container d-flex h-col-lg-auto h-col-md-auto h-col-auto style-778-outer style-local-105-c9-outer\">\n                      <div data-colibri-id=\"105-c9\" class=\"d-flex h-flex-basis h-column__inner h-px-lg-0 h-px-md-0 h-px-0 v-inner-lg-0 v-inner-md-0 v-inner-0 style-778 style-local-105-c9 position-relative\">\n                        <!---->\n                        <!---->\n                        <div class=\"w-100 h-y-container h-column__content h-column__v-align flex-basis-100 align-self-lg-start align-self-md-start align-self-start\">\n                          <!---->\n                          <div data-colibri-id=\"105-c29\" class=\"d-block style-1186 style-local-105-c29 position-relative h-element\">\n                            <!---->\n                            <div class=\"h-image__frame-container-outer\">\n                              <div class=\"h-image__frame-container\">\n                                <!---->\n                                <!---->\n                                <img loading=\"lazy\" decoding=\"async\" width=\"1279\" height=\"719\" src=\"https:\/\/qualicall.com.br\/wp-content\/uploads\/2026\/03\/cropped-2-IMAGEM-PORTFOLIO-PT-30-anos.png\" class=\"wp-image-739 style-1186-image style-local-105-c29-image\" alt=\"\" srcset=\"https:\/\/qualicall.com.br\/wp-content\/uploads\/2026\/03\/cropped-2-IMAGEM-PORTFOLIO-PT-30-anos.png 1279w, https:\/\/qualicall.com.br\/wp-content\/uploads\/2026\/03\/cropped-2-IMAGEM-PORTFOLIO-PT-30-anos-300x169.png 300w, https:\/\/qualicall.com.br\/wp-content\/uploads\/2026\/03\/cropped-2-IMAGEM-PORTFOLIO-PT-30-anos-1024x576.png 1024w, https:\/\/qualicall.com.br\/wp-content\/uploads\/2026\/03\/cropped-2-IMAGEM-PORTFOLIO-PT-30-anos-768x432.png 768w\" sizes=\"auto, (max-width: 1279px) 100vw, 1279px\" \/>\n                                <div class=\"h-image__frame h-hide-lg h-hide-md h-hide-sm style-1186-frameImage style-local-105-c29-frameImage\"><\/div>\n                              <\/div>\n                            <\/div>\n                          <\/div>\n                          <div data-colibri-id=\"105-c11\" class=\"h-text h-text-component style-782 style-local-105-c11 position-relative h-element\">\n                            <!---->\n                            <!---->\n                            <div class=\"\">\n                              <p>Em todas as \u00e1reas de conhecimento, os nossos servi\u00e7os s\u00e3o planejados e desenvolvidos para atender \u00e0s demandas espec\u00edficas dos clientes.<\/p>\n                            <\/div>\n                          <\/div>\n                        <\/div>\n                      <\/div>\n                    <\/div>\n                    <div class=\"h-column h-column-container d-flex h-col-lg-auto h-col-md-auto h-col-auto style-780-outer style-local-105-c12-outer\">\n                      <div data-colibri-id=\"105-c12\" class=\"d-flex h-flex-basis h-column__inner h-px-lg-0 h-px-md-0 h-px-0 v-inner-lg-0 v-inner-md-0 v-inner-0 style-780 style-local-105-c12 position-relative\">\n                        <!---->\n                        <!---->\n                        <div class=\"w-100 h-y-container h-column__content h-column__v-align flex-basis-100 align-self-lg-start align-self-md-start align-self-start\">\n                          <!---->\n                          <div data-colibri-id=\"105-c28\" class=\"d-block style-1185 style-local-105-c28 position-relative h-element\">\n                            <!---->\n                            <div class=\"h-image__frame-container-outer\">\n                              <div class=\"h-image__frame-container\">\n                                <!---->\n                                <!---->\n                                <img loading=\"lazy\" decoding=\"async\" width=\"1279\" height=\"719\" src=\"https:\/\/qualicall.com.br\/wp-content\/uploads\/2026\/03\/cropped-2-IMAGEM-PORTFOLIO-EN-30-years-1-1.png\" class=\"wp-image-710 style-1185-image style-local-105-c28-image\" alt=\"\" srcset=\"https:\/\/qualicall.com.br\/wp-content\/uploads\/2026\/03\/cropped-2-IMAGEM-PORTFOLIO-EN-30-years-1-1.png 1279w, https:\/\/qualicall.com.br\/wp-content\/uploads\/2026\/03\/cropped-2-IMAGEM-PORTFOLIO-EN-30-years-1-1-300x169.png 300w, https:\/\/qualicall.com.br\/wp-content\/uploads\/2026\/03\/cropped-2-IMAGEM-PORTFOLIO-EN-30-years-1-1-1024x576.png 1024w, https:\/\/qualicall.com.br\/wp-content\/uploads\/2026\/03\/cropped-2-IMAGEM-PORTFOLIO-EN-30-years-1-1-768x432.png 768w\" sizes=\"auto, (max-width: 1279px) 100vw, 1279px\" \/>\n                                <div class=\"h-image__frame h-hide-lg h-hide-md h-hide-sm style-1185-frameImage style-local-105-c28-frameImage\"><\/div>\n                              <\/div>\n                            <\/div>\n                          <\/div>\n                          <div data-colibri-id=\"105-c14\" class=\"h-text h-text-component style-788 style-local-105-c14 position-relative h-element\">\n                            <!---->\n                            <!---->\n                            <div class=\"\">\n                              <p>In all areas of knowledge, our services are planned and developed to meet the specific demands of customers.<\/p>\n                              <p>\n                                <br>\n                              <\/p>\n                            <\/div>\n                          <\/div>\n                        <\/div>\n                      <\/div>\n                    <\/div>\n                    <div class=\"h-column h-column-container d-flex h-col-lg-auto h-col-md-auto h-col-auto style-779-outer style-local-105-c15-outer\">\n                      <div data-colibri-id=\"105-c15\" class=\"d-flex h-flex-basis h-column__inner h-px-lg-0 h-px-md-0 h-px-0 v-inner-lg-0 v-inner-md-0 v-inner-0 style-779 style-local-105-c15 position-relative\">\n                        <!---->\n                        <!---->\n                        <div class=\"w-100 h-y-container h-column__content h-column__v-align flex-basis-100 align-self-lg-start align-self-md-start align-self-start\">\n                          <!---->\n                          <div data-colibri-id=\"105-c30\" class=\"d-block style-1187 style-local-105-c30 position-relative h-element\">\n                            <!---->\n                            <div class=\"h-image__frame-container-outer\">\n                              <div class=\"h-image__frame-container\">\n                                <!---->\n                                <!---->\n                                <img loading=\"lazy\" decoding=\"async\" width=\"1279\" height=\"719\" src=\"https:\/\/qualicall.com.br\/wp-content\/uploads\/2026\/03\/cropped-3-IMAGEM-CARTERA-DE-SERVICIOS-30anos.png\" class=\"wp-image-750 style-1187-image style-local-105-c30-image\" alt=\"\" srcset=\"https:\/\/qualicall.com.br\/wp-content\/uploads\/2026\/03\/cropped-3-IMAGEM-CARTERA-DE-SERVICIOS-30anos.png 1279w, https:\/\/qualicall.com.br\/wp-content\/uploads\/2026\/03\/cropped-3-IMAGEM-CARTERA-DE-SERVICIOS-30anos-300x169.png 300w, https:\/\/qualicall.com.br\/wp-content\/uploads\/2026\/03\/cropped-3-IMAGEM-CARTERA-DE-SERVICIOS-30anos-1024x576.png 1024w, https:\/\/qualicall.com.br\/wp-content\/uploads\/2026\/03\/cropped-3-IMAGEM-CARTERA-DE-SERVICIOS-30anos-768x432.png 768w\" sizes=\"auto, (max-width: 1279px) 100vw, 1279px\" \/>\n                                <div class=\"h-image__frame h-hide-lg h-hide-md h-hide-sm style-1187-frameImage style-local-105-c30-frameImage\"><\/div>\n                              <\/div>\n                            <\/div>\n                          <\/div>\n                          <div data-colibri-id=\"105-c17\" class=\"h-text h-text-component style-787 style-local-105-c17 position-relative h-element\">\n                            <!---->\n                            <!---->\n                            <div class=\"\">\n                              <p>En todas las \u00e1reas del conocimiento, nuestros servicios se planifican y desarrollan para satisfacer las demandas espec\u00edficas de los clientes.<\/p>\n                            <\/div>\n                          <\/div>\n                        <\/div>\n                      <\/div>\n                    <\/div>\n                  <\/div>\n                <\/div>\n                <div data-colibri-id=\"105-c18\" class=\"h-row-container gutters-row-lg-0 gutters-row-md-0 gutters-row-0 gutters-row-v-lg-0 gutters-row-v-md-0 gutters-row-v-0 style-804 style-local-105-c18 position-relative\">\n                  <!---->\n                  <div class=\"h-row justify-content-lg-center justify-content-md-center justify-content-center align-items-lg-stretch align-items-md-stretch align-items-stretch gutters-col-lg-0 gutters-col-md-0 gutters-col-0 gutters-col-v-lg-0 gutters-col-v-md-0 gutters-col-v-0\">\n                    <!---->\n                    <div class=\"h-column h-column-container d-flex h-col-lg-auto h-col-md-auto h-col-auto style-805-outer style-local-105-c19-outer\">\n                      <div data-colibri-id=\"105-c19\" class=\"d-flex h-flex-basis h-column__inner h-px-lg-0 h-px-md-0 h-px-0 v-inner-lg-0 v-inner-md-0 v-inner-0 style-805 style-local-105-c19 position-relative\">\n                        <!---->\n                        <!---->\n                        <div class=\"w-100 h-y-container h-column__content h-column__v-align flex-basis-100 align-self-lg-start align-self-md-start align-self-start\">\n                          <!---->\n                          <div data-colibri-id=\"105-c20\" class=\"h-x-container style-789 style-local-105-c20 position-relative h-element\">\n                            <!---->\n                            <div class=\"h-x-container-inner style-dynamic-105-c20-group style-789-spacing style-local-105-c20-spacing\"><span class=\"h-button__outer style-790-outer style-local-105-c21-outer d-inline-flex h-element\"><a h-use-smooth-scroll=\"true\" href=\"https:\/\/qualicall.com.br\/wp-content\/uploads\/2026\/03\/2-QUALICALL-PORTFOLIO-PT-30-anos.pdf\"  data-colibri-id=\"105-c21\" class=\"d-flex w-100 align-items-center h-button justify-content-lg-center justify-content-md-center justify-content-center style-790 style-local-105-c21 position-relative\"><!----><!----> <span>Fa\u00e7a o download do Portfolio de Servi\u00e7os<\/span><\/a>\n                              <\/span>\n                            <\/div>\n                          <\/div>\n                        <\/div>\n                      <\/div>\n                    <\/div>\n                    <div class=\"h-column h-column-container d-flex h-col-lg-auto h-col-md-auto h-col-auto style-807-outer style-local-105-c22-outer\">\n                      <div data-colibri-id=\"105-c22\" class=\"d-flex h-flex-basis h-column__inner h-px-lg-0 h-px-md-0 h-px-0 v-inner-lg-0 v-inner-md-0 v-inner-0 style-807 style-local-105-c22 position-relative\">\n                        <!---->\n                        <!---->\n                        <div class=\"w-100 h-y-container h-column__content h-column__v-align flex-basis-100 align-self-lg-start align-self-md-start align-self-start\">\n                          <!---->\n                          <div data-colibri-id=\"105-c23\" class=\"h-x-container style-791 style-local-105-c23 position-relative h-element\">\n                            <!---->\n                            <div class=\"h-x-container-inner style-dynamic-105-c23-group style-791-spacing style-local-105-c23-spacing\"><span class=\"h-button__outer style-792-outer style-local-105-c24-outer d-inline-flex h-element\"><a h-use-smooth-scroll=\"true\" href=\"https:\/\/qualicall.com.br\/wp-content\/uploads\/2026\/03\/2-PORTFOLIO-EN-30-years.pdf\"  data-colibri-id=\"105-c24\" class=\"d-flex w-100 align-items-center h-button justify-content-lg-center justify-content-md-center justify-content-center style-792 style-local-105-c24 position-relative\"><!----><!----> <span>Download the Service Portfolio<\/span><\/a>\n                              <\/span>\n                            <\/div>\n                          <\/div>\n                        <\/div>\n                      <\/div>\n                    <\/div>\n                    <div class=\"h-column h-column-container d-flex h-col-lg-auto h-col-md-auto h-col-auto style-806-outer style-local-105-c25-outer\">\n                      <div data-colibri-id=\"105-c25\" class=\"d-flex h-flex-basis h-column__inner h-px-lg-0 h-px-md-0 h-px-0 v-inner-lg-0 v-inner-md-0 v-inner-0 style-806 style-local-105-c25 position-relative\">\n                        <!---->\n                        <!---->\n                        <div class=\"w-100 h-y-container h-column__content h-column__v-align flex-basis-100 align-self-lg-start align-self-md-start align-self-start\">\n                          <!---->\n                          <div data-colibri-id=\"105-c26\" class=\"h-x-container style-793 style-local-105-c26 position-relative h-element\">\n                            <!---->\n                            <div class=\"h-x-container-inner style-dynamic-105-c26-group style-793-spacing style-local-105-c26-spacing\"><span class=\"h-button__outer style-794-outer style-local-105-c27-outer d-inline-flex h-element\"><a h-use-smooth-scroll=\"true\" href=\"https:\/\/qualicall.com.br\/wp-content\/uploads\/2026\/03\/3-QUALICALL-CARTERA-DE-SERVICIOS-30anos.pdf\"  data-colibri-id=\"105-c27\" class=\"d-flex w-100 align-items-center h-button justify-content-lg-center justify-content-md-center justify-content-center style-794 style-local-105-c27 position-relative\"><!----><!----> <span>Realice el download de la Cartera de Servicios<\/span><\/a>\n                              <\/span>\n                            <\/div>\n                          <\/div>\n                        <\/div>\n                      <\/div>\n                    <\/div>\n                  <\/div>\n                <\/div>\n              <\/div>\n            <\/div>\n          <\/div>\n        <\/div>\n      <\/div>\n    <\/div>\n  <\/div>\n<\/div>","protected":false},"excerpt":{"rendered":"<p>PORTFOLIO DE SERVI\u00c7OS Em todas as \u00e1reas de conhecimento, os nossos servi\u00e7os s\u00e3o planejados e desenvolvidos para atender \u00e0s demandas espec\u00edficas dos clientes. In all areas of knowledge, our services are planned and developed to meet the specific demands of customers. En todas las \u00e1reas del conocimiento, nuestros servicios se planifican y desarrollan para satisfacer [&hellip;]<\/p>\n","protected":false},"author":2,"featured_media":0,"parent":0,"menu_order":0,"comment_status":"closed","ping_status":"closed","template":"page-templates\/full-width-page.php","meta":{"footnotes":""},"class_list":["post-105","page","type-page","status-publish","hentry"],"_links":{"self":[{"href":"https:\/\/qualicall.com.br\/index.php\/wp-json\/wp\/v2\/pages\/105","targetHints":{"allow":["GET"]}}],"collection":[{"href":"https:\/\/qualicall.com.br\/index.php\/wp-json\/wp\/v2\/pages"}],"about":[{"href":"https:\/\/qualicall.com.br\/index.php\/wp-json\/wp\/v2\/types\/page"}],"author":[{"embeddable":true,"href":"https:\/\/qualicall.com.br\/index.php\/wp-json\/wp\/v2\/users\/2"}],"replies":[{"embeddable":true,"href":"https:\/\/qualicall.com.br\/index.php\/wp-json\/wp\/v2\/comments?post=105"}],"version-history":[{"count":16,"href":"https:\/\/qualicall.com.br\/index.php\/wp-json\/wp\/v2\/pages\/105\/revisions"}],"predecessor-version":[{"id":752,"href":"https:\/\/qualicall.com.br\/index.php\/wp-json\/wp\/v2\/pages\/105\/revisions\/752"}],"wp:attachment":[{"href":"https:\/\/qualicall.com.br\/index.php\/wp-json\/wp\/v2\/media?parent=105"}],"curies":[{"name":"wp","href":"https:\/\/api.w.org\/{rel}","templated":true}]}}