{"id":92,"date":"2026-03-07T00:11:23","date_gmt":"2026-03-07T00:11:23","guid":{"rendered":"https:\/\/qualicall.com.br\/?page_id=92"},"modified":"2026-03-08T14:07:48","modified_gmt":"2026-03-08T14:07:48","slug":"assessorias","status":"publish","type":"page","link":"https:\/\/qualicall.com.br\/index.php\/assessorias\/","title":{"rendered":"ASSESSORIAS"},"content":{"rendered":"<div data-colibri-id=\"92-c1\" class=\"style-361 style-local-92-c1 position-relative\">\n  <!---->\n  <div data-colibri-component=\"section\" data-colibri-id=\"92-c2\" id=\"custom\" class=\"h-section h-section-global-spacing d-flex align-items-lg-center align-items-md-center align-items-center style-362 style-local-92-c2 position-relative\">\n    <!---->\n    <!---->\n    <div class=\"h-section-grid-container h-section-boxed-container\">\n      <!---->\n      <div data-colibri-id=\"92-c3\" class=\"h-row-container gutters-row-lg-0 gutters-row-md-0 gutters-row-0 gutters-row-v-lg-0 gutters-row-v-md-0 gutters-row-v-0 style-363 style-local-92-c3 position-relative\">\n        <!---->\n        <div class=\"h-row justify-content-lg-center justify-content-md-center justify-content-center align-items-lg-stretch align-items-md-stretch align-items-stretch gutters-col-lg-0 gutters-col-md-0 gutters-col-0 gutters-col-v-lg-0 gutters-col-v-md-0 gutters-col-v-0\">\n          <!---->\n          <div class=\"h-column h-column-container d-flex h-col-lg-auto h-col-md-auto h-col-auto style-364-outer style-local-92-c4-outer\">\n            <div data-colibri-id=\"92-c4\" class=\"d-flex h-flex-basis h-column__inner h-px-lg-2 h-px-md-2 h-px-2 v-inner-lg-2 v-inner-md-2 v-inner-2 style-364 style-local-92-c4 position-relative\">\n              <!---->\n              <!---->\n              <div class=\"w-100 h-y-container h-column__content h-column__v-align flex-basis-100 align-self-lg-start align-self-md-start align-self-start\">\n                <!---->\n                <div data-colibri-id=\"92-c5\" class=\"h-text h-text-component style-365 style-local-92-c5 position-relative h-element\">\n                  <!---->\n                  <!---->\n                  <div class=\"\">\n                    <p><strong>ASSESSORIA<\/strong><\/p>\n                  <\/div>\n                <\/div>\n              <\/div>\n            <\/div>\n          <\/div>\n        <\/div>\n      <\/div>\n      <div data-colibri-id=\"92-c9\" class=\"h-row-container gutters-row-lg-0 gutters-row-md-0 gutters-row-0 gutters-row-v-lg-0 gutters-row-v-md-0 gutters-row-v-0 style-864 style-local-92-c9 position-relative\">\n        <!---->\n        <div class=\"h-row justify-content-lg-center justify-content-md-center justify-content-center align-items-lg-stretch align-items-md-stretch align-items-stretch gutters-col-lg-0 gutters-col-md-0 gutters-col-0 gutters-col-v-lg-0 gutters-col-v-md-0 gutters-col-v-0\">\n          <!---->\n          <div class=\"h-column h-column-container d-flex h-col-lg-auto h-col-md-auto h-col-auto style-866-outer style-local-92-c11-outer\">\n            <div data-colibri-id=\"92-c11\" class=\"d-flex h-flex-basis h-column__inner h-px-lg-0 h-px-md-0 h-px-0 v-inner-lg-0 v-inner-md-0 v-inner-0 style-866 style-local-92-c11 position-relative\">\n              <!---->\n              <!---->\n              <div class=\"w-100 h-y-container h-column__content h-column__v-align flex-basis-100 align-self-lg-start align-self-md-start align-self-start\">\n                <!---->\n                <div data-colibri-id=\"92-c15\" class=\"h-text h-text-component style-870 style-local-92-c15 position-relative h-element\">\n                  <!---->\n                  <!---->\n                  <div class=\"\">\n                    <p>Baseada nos princ\u00edpios do PDCA que comp\u00f5e a estrutura prevista para as normas de gest\u00e3o.<\/p>\n                  <\/div>\n                <\/div>\n              <\/div>\n            <\/div>\n          <\/div>\n        <\/div>\n      <\/div>\n      <div data-colibri-id=\"92-c12\" class=\"h-row-container gutters-row-lg-2 gutters-row-md-2 gutters-row-0 gutters-row-v-lg-2 gutters-row-v-md-2 gutters-row-v-2 style-867 style-local-92-c12 position-relative\">\n        <!---->\n        <div class=\"h-row justify-content-lg-center justify-content-md-center justify-content-center align-items-lg-stretch align-items-md-stretch align-items-stretch gutters-col-lg-2 gutters-col-md-2 gutters-col-0 gutters-col-v-lg-2 gutters-col-v-md-2 gutters-col-v-2\">\n          <!---->\n          <div class=\"h-column h-column-container d-flex h-col-lg-auto h-col-md-auto h-col-auto style-869-outer style-local-92-c14-outer\">\n            <div data-colibri-id=\"92-c14\" class=\"d-flex h-flex-basis h-column__inner h-px-lg-2 h-px-md-2 h-px-2 v-inner-lg-2 v-inner-md-2 v-inner-2 style-869 style-local-92-c14 position-relative\">\n              <!---->\n              <!---->\n              <div class=\"w-100 h-y-container h-column__content h-column__v-align flex-basis-100 align-self-lg-start align-self-md-start align-self-start\">\n                <!---->\n                <div data-colibri-id=\"92-c16\" class=\"d-block style-871 style-local-92-c16 position-relative h-element\">\n                  <!---->\n                  <div class=\"h-image__frame-container-outer\">\n                    <div class=\"h-image__frame-container\">\n                      <!---->\n                      <!---->\n                      <img decoding=\"async\" src=\"https:\/\/qualicall.com.br\/wp-content\/uploads\/2026\/03\/cropped-1-PDCA1-300x300.png\" class=\"style-871-image style-local-92-c16-image\">\n                      <div class=\"h-image__frame h-hide-lg h-hide-md h-hide-sm style-871-frameImage style-local-92-c16-frameImage\"><\/div>\n                    <\/div>\n                  <\/div>\n                <\/div>\n              <\/div>\n            <\/div>\n          <\/div>\n        <\/div>\n      <\/div>\n      <div data-colibri-id=\"92-c6\" class=\"h-row-container gutters-row-lg-2 gutters-row-md-2 gutters-row-0 gutters-row-v-lg-2 gutters-row-v-md-2 gutters-row-v-2 style-861 style-local-92-c6 position-relative\">\n        <!---->\n        <div class=\"h-row justify-content-lg-center justify-content-md-center justify-content-center align-items-lg-stretch align-items-md-stretch align-items-stretch gutters-col-lg-2 gutters-col-md-2 gutters-col-0 gutters-col-v-lg-2 gutters-col-v-md-2 gutters-col-v-2\">\n          <!---->\n          <div class=\"h-column h-column-container d-flex h-col-lg-auto h-col-md-auto h-col-auto style-862-outer style-local-92-c7-outer\">\n            <div data-colibri-id=\"92-c7\" class=\"d-flex h-flex-basis h-column__inner h-px-lg-2 h-px-md-2 h-px-2 v-inner-lg-2 v-inner-md-2 v-inner-2 style-862 style-local-92-c7 position-relative\">\n              <!---->\n              <!---->\n              <div class=\"w-100 h-y-container h-column__content h-column__v-align flex-basis-100 align-self-lg-start align-self-md-start align-self-start\">\n                <!---->\n                <div data-colibri-id=\"92-c17\" class=\"h-text h-text-component style-872 style-local-92-c17 position-relative h-element\">\n                  <!---->\n                  <!---->\n                  <div class=\"\">\n                    <p><strong>FASE 1: Planejamento<\/strong><\/p>\n                  <\/div>\n                <\/div>\n                <div data-colibri-id=\"92-c18\" class=\"h-text h-text-component style-873 style-local-92-c18 position-relative h-element\">\n                  <!---->\n                  <!---->\n                  <div class=\"\">\n                    <p>\u2022 Defini\u00e7\u00e3o da estrat\u00e9gia de organiza\u00e7\u00e3o e da implanta\u00e7\u00e3o;<\/p>\n                    <p>\u2022 Defini\u00e7\u00e3o dos resultados esperados para o neg\u00f3cio;<\/p>\n                    <p>\u2022 Diagn\u00f3stico de Gest\u00e3o;<\/p>\n                    <p>\u2022 Defini\u00e7\u00e3o de Pol\u00edticas de Gest\u00e3o;<\/p>\n                    <p>\u2022 An\u00e1lise e\/ou defini\u00e7\u00e3o de estrutura organizacional;<\/p>\n                    <p>\u2022 Estrutura\u00e7\u00e3o de equipes de trabalho;<\/p>\n                    <p>\u2022 Treinamentos iniciais;<\/p>\n                    <p>\u2022 Defini\u00e7\u00e3o do sistema de documenta\u00e7\u00e3o.<\/p>\n                  <\/div>\n                <\/div>\n              <\/div>\n            <\/div>\n          <\/div>\n          <div class=\"h-column h-column-container d-flex h-col-lg-auto h-col-md-auto h-col-auto style-863-outer style-local-92-c8-outer\">\n            <div data-colibri-id=\"92-c8\" class=\"d-flex h-flex-basis h-column__inner h-px-lg-2 h-px-md-2 h-px-2 v-inner-lg-2 v-inner-md-2 v-inner-2 style-863 style-local-92-c8 position-relative\">\n              <!---->\n              <!---->\n              <div class=\"w-100 h-y-container h-column__content h-column__v-align flex-basis-100 align-self-lg-center align-self-md-center align-self-center\">\n                <!---->\n                <div data-colibri-id=\"92-c19\" class=\"d-block style-874 style-local-92-c19 position-relative h-element\">\n                  <!---->\n                  <div class=\"h-image__frame-container-outer\">\n                    <div class=\"h-image__frame-container\">\n                      <!---->\n                      <!---->\n                      <img loading=\"lazy\" decoding=\"async\" width=\"594\" height=\"637\" src=\"https:\/\/qualicall.com.br\/wp-content\/uploads\/2026\/03\/cropped-2-Plan1.png\" class=\"wp-image-453 style-874-image style-local-92-c19-image\" alt=\"\" srcset=\"https:\/\/qualicall.com.br\/wp-content\/uploads\/2026\/03\/cropped-2-Plan1.png 594w, https:\/\/qualicall.com.br\/wp-content\/uploads\/2026\/03\/cropped-2-Plan1-280x300.png 280w\" sizes=\"auto, (max-width: 594px) 100vw, 594px\" \/>\n                      <div class=\"h-image__frame h-hide-lg h-hide-md h-hide-sm style-874-frameImage style-local-92-c19-frameImage\"><\/div>\n                    <\/div>\n                  <\/div>\n                <\/div>\n              <\/div>\n            <\/div>\n          <\/div>\n        <\/div>\n      <\/div>\n      <div data-colibri-id=\"92-c32\" class=\"h-row-container gutters-row-lg-2 gutters-row-md-2 gutters-row-0 gutters-row-v-lg-2 gutters-row-v-md-2 gutters-row-v-2 style-887 style-local-92-c32 position-relative\">\n        <!---->\n        <div class=\"h-row justify-content-lg-center justify-content-md-center justify-content-center align-items-lg-stretch align-items-md-stretch align-items-stretch gutters-col-lg-2 gutters-col-md-2 gutters-col-0 gutters-col-v-lg-2 gutters-col-v-md-2 gutters-col-v-2\">\n          <!---->\n          <div class=\"h-column h-column-container d-flex h-col-lg-auto h-col-md-auto h-col-auto style-888-outer style-local-92-c33-outer\">\n            <div data-colibri-id=\"92-c33\" class=\"d-flex h-flex-basis h-column__inner h-px-lg-2 h-px-md-2 h-px-2 v-inner-lg-2 v-inner-md-2 v-inner-2 style-888 style-local-92-c33 position-relative\">\n              <!---->\n              <!---->\n              <div class=\"w-100 h-y-container h-column__content h-column__v-align flex-basis-100 align-self-lg-center align-self-md-center align-self-center\">\n                <!---->\n                <div data-colibri-id=\"92-c46\" class=\"d-block style-901 style-local-92-c46 position-relative h-element\">\n                  <!---->\n                  <div class=\"h-image__frame-container-outer\">\n                    <div class=\"h-image__frame-container\">\n                      <!---->\n                      <!---->\n                      <img loading=\"lazy\" decoding=\"async\" width=\"636\" height=\"606\" src=\"https:\/\/qualicall.com.br\/wp-content\/uploads\/2026\/03\/cropped-3-Do1.png\" class=\"wp-image-454 style-901-image style-local-92-c46-image\" alt=\"\" srcset=\"https:\/\/qualicall.com.br\/wp-content\/uploads\/2026\/03\/cropped-3-Do1.png 636w, https:\/\/qualicall.com.br\/wp-content\/uploads\/2026\/03\/cropped-3-Do1-300x286.png 300w\" sizes=\"auto, (max-width: 636px) 100vw, 636px\" \/>\n                      <div class=\"h-image__frame h-hide-lg h-hide-md h-hide-sm style-901-frameImage style-local-92-c46-frameImage\"><\/div>\n                    <\/div>\n                  <\/div>\n                <\/div>\n              <\/div>\n            <\/div>\n          <\/div>\n          <div class=\"h-column h-column-container d-flex h-col-lg-auto h-col-md-auto h-col-auto style-889-outer style-local-92-c34-outer\">\n            <div data-colibri-id=\"92-c34\" class=\"d-flex h-flex-basis h-column__inner h-px-lg-2 h-px-md-2 h-px-2 v-inner-lg-2 v-inner-md-2 v-inner-2 style-889 style-local-92-c34 position-relative\">\n              <!---->\n              <!---->\n              <div class=\"w-100 h-y-container h-column__content h-column__v-align flex-basis-100 align-self-lg-start align-self-md-start align-self-start\">\n                <!---->\n                <div data-colibri-id=\"92-c44\" class=\"h-text h-text-component style-899 style-local-92-c44 position-relative h-element\">\n                  <!---->\n                  <!---->\n                  <div class=\"\">\n                    <p><strong>FASE 2: Execu\u00e7\u00e3o<\/strong><\/p>\n                  <\/div>\n                <\/div>\n                <div data-colibri-id=\"92-c43\" class=\"h-text h-text-component style-898 style-local-92-c43 position-relative h-element\">\n                  <!---->\n                  <!---->\n                  <div class=\"\">\n                    <p>\u2022 Fluxogramas dos processos fundamentais;<\/p>\n                    <p>\u2022 Defini\u00e7\u00e3o de aspectos, impactos e modos de falha;<\/p>\n                    <p>\u2022 Cria\u00e7\u00e3o de procedimentos e instru\u00e7\u00f5es de trabalho;<\/p>\n                    <p>\u2022 Defini\u00e7\u00e3o de indicadores de desempenho;<\/p>\n                    <p>\u2022 Implanta\u00e7\u00e3o dos processos com base nos requisitos legais, regulat\u00f3rios ou normativos;<\/p>\n                    <p>\u2022 Qualifica\u00e7\u00e3o dos profissionais envolvidos;<\/p>\n                    <p>\u2022 Medi\u00e7\u00f5es e monitoramentos iniciais.<\/p>\n                  <\/div>\n                <\/div>\n              <\/div>\n            <\/div>\n          <\/div>\n        <\/div>\n      <\/div>\n      <div data-colibri-id=\"92-c26\" class=\"h-row-container gutters-row-lg-2 gutters-row-md-2 gutters-row-0 gutters-row-v-lg-2 gutters-row-v-md-2 gutters-row-v-2 style-881 style-local-92-c26 position-relative\">\n        <!---->\n        <div class=\"h-row justify-content-lg-center justify-content-md-center justify-content-center align-items-lg-stretch align-items-md-stretch align-items-stretch gutters-col-lg-2 gutters-col-md-2 gutters-col-0 gutters-col-v-lg-2 gutters-col-v-md-2 gutters-col-v-2\">\n          <!---->\n          <div class=\"h-column h-column-container d-flex h-col-lg-auto h-col-md-auto h-col-auto style-882-outer style-local-92-c27-outer\">\n            <div data-colibri-id=\"92-c27\" class=\"d-flex h-flex-basis h-column__inner h-px-lg-2 h-px-md-2 h-px-2 v-inner-lg-2 v-inner-md-2 v-inner-2 style-882 style-local-92-c27 position-relative\">\n              <!---->\n              <!---->\n              <div class=\"w-100 h-y-container h-column__content h-column__v-align flex-basis-100 align-self-lg-start align-self-md-start align-self-start\">\n                <!---->\n                <div data-colibri-id=\"92-c30\" class=\"h-text h-text-component style-885 style-local-92-c30 position-relative h-element\">\n                  <!---->\n                  <!---->\n                  <div class=\"\">\n                    <p><strong>FASE 3: Verifica\u00e7\u00e3o e avalia\u00e7\u00e3o<\/strong><\/p>\n                  <\/div>\n                <\/div>\n                <div data-colibri-id=\"92-c29\" class=\"h-text h-text-component style-884 style-local-92-c29 position-relative h-element\">\n                  <!---->\n                  <!---->\n                  <div class=\"\">\n                    <p>\u2022 Relat\u00f3rios gerenciais;<\/p>\n                    <p>\u2022 Auditorias internas e forma\u00e7\u00e3o de auditores internos;<\/p>\n                    <p>\u2022 A\u00e7\u00f5es corretivas e preventivas;<\/p>\n                    <p>\u2022 Avalia\u00e7\u00e3o de resultados dos processos implantados;<\/p>\n                    <p>\u2022 Confirma\u00e7\u00e3o dos resultados esperados para o neg\u00f3cio;<\/p>\n                    <p>\u2022 Certifica\u00e7\u00e3o se aplic\u00e1vel.<\/p>\n                  <\/div>\n                <\/div>\n              <\/div>\n            <\/div>\n          <\/div>\n          <div class=\"h-column h-column-container d-flex h-col-lg-auto h-col-md-auto h-col-auto style-883-outer style-local-92-c28-outer\">\n            <div data-colibri-id=\"92-c28\" class=\"d-flex h-flex-basis h-column__inner h-px-lg-2 h-px-md-2 h-px-2 v-inner-lg-2 v-inner-md-2 v-inner-2 style-883 style-local-92-c28 position-relative\">\n              <!---->\n              <!---->\n              <div class=\"w-100 h-y-container h-column__content h-column__v-align flex-basis-100 align-self-lg-center align-self-md-center align-self-center\">\n                <!---->\n                <div data-colibri-id=\"92-c31\" class=\"d-block style-886 style-local-92-c31 position-relative h-element\">\n                  <!---->\n                  <div class=\"h-image__frame-container-outer\">\n                    <div class=\"h-image__frame-container\">\n                      <!---->\n                      <!---->\n                      <img loading=\"lazy\" decoding=\"async\" width=\"683\" height=\"676\" src=\"https:\/\/qualicall.com.br\/wp-content\/uploads\/2026\/03\/cropped-4-Check1.png\" class=\"wp-image-455 style-886-image style-local-92-c31-image\" alt=\"\" srcset=\"https:\/\/qualicall.com.br\/wp-content\/uploads\/2026\/03\/cropped-4-Check1.png 683w, https:\/\/qualicall.com.br\/wp-content\/uploads\/2026\/03\/cropped-4-Check1-300x297.png 300w\" sizes=\"auto, (max-width: 683px) 100vw, 683px\" \/>\n                      <div class=\"h-image__frame h-hide-lg h-hide-md h-hide-sm style-886-frameImage style-local-92-c31-frameImage\"><\/div>\n                    <\/div>\n                  <\/div>\n                <\/div>\n              <\/div>\n            <\/div>\n          <\/div>\n        <\/div>\n      <\/div>\n      <div data-colibri-id=\"92-c35\" class=\"h-row-container gutters-row-lg-2 gutters-row-md-2 gutters-row-0 gutters-row-v-lg-2 gutters-row-v-md-2 gutters-row-v-2 style-890 style-local-92-c35 position-relative\">\n        <!---->\n        <div class=\"h-row justify-content-lg-center justify-content-md-center justify-content-center align-items-lg-stretch align-items-md-stretch align-items-stretch gutters-col-lg-2 gutters-col-md-2 gutters-col-0 gutters-col-v-lg-2 gutters-col-v-md-2 gutters-col-v-2\">\n          <!---->\n          <div class=\"h-column h-column-container d-flex h-col-lg-auto h-col-md-auto h-col-auto style-891-outer style-local-92-c36-outer\">\n            <div data-colibri-id=\"92-c36\" class=\"d-flex h-flex-basis h-column__inner h-px-lg-2 h-px-md-2 h-px-2 v-inner-lg-2 v-inner-md-2 v-inner-2 style-891 style-local-92-c36 position-relative\">\n              <!---->\n              <!---->\n              <div class=\"w-100 h-y-container h-column__content h-column__v-align flex-basis-100 align-self-lg-center align-self-md-center align-self-center\">\n                <!---->\n                <div data-colibri-id=\"92-c38\" class=\"d-block style-893 style-local-92-c38 position-relative h-element\">\n                  <!---->\n                  <div class=\"h-image__frame-container-outer\">\n                    <div class=\"h-image__frame-container\">\n                      <!---->\n                      <!---->\n                      <img loading=\"lazy\" decoding=\"async\" width=\"597\" height=\"614\" src=\"https:\/\/qualicall.com.br\/wp-content\/uploads\/2026\/03\/cropped-5-Act1.png\" class=\"wp-image-457 style-893-image style-local-92-c38-image\" alt=\"\" srcset=\"https:\/\/qualicall.com.br\/wp-content\/uploads\/2026\/03\/cropped-5-Act1.png 597w, https:\/\/qualicall.com.br\/wp-content\/uploads\/2026\/03\/cropped-5-Act1-292x300.png 292w\" sizes=\"auto, (max-width: 597px) 100vw, 597px\" \/>\n                      <div class=\"h-image__frame h-hide-lg h-hide-md h-hide-sm style-893-frameImage style-local-92-c38-frameImage\"><\/div>\n                    <\/div>\n                  <\/div>\n                <\/div>\n              <\/div>\n            <\/div>\n          <\/div>\n          <div class=\"h-column h-column-container d-flex h-col-lg-auto h-col-md-auto h-col-auto style-892-outer style-local-92-c37-outer\">\n            <div data-colibri-id=\"92-c37\" class=\"d-flex h-flex-basis h-column__inner h-px-lg-2 h-px-md-2 h-px-2 v-inner-lg-2 v-inner-md-2 v-inner-2 style-892 style-local-92-c37 position-relative\">\n              <!---->\n              <!---->\n              <div class=\"w-100 h-y-container h-column__content h-column__v-align flex-basis-100 align-self-lg-start align-self-md-start align-self-start\">\n                <!---->\n                <div data-colibri-id=\"92-c39\" class=\"h-text h-text-component style-894 style-local-92-c39 position-relative h-element\">\n                  <!---->\n                  <!---->\n                  <div class=\"\">\n                    <p><strong>FASE 4: Melhoria cont\u00ednua<\/strong><\/p>\n                  <\/div>\n                <\/div>\n                <div data-colibri-id=\"92-c45\" class=\"h-text h-text-component style-900 style-local-92-c45 position-relative h-element\">\n                  <!---->\n                  <!---->\n                  <div class=\"\">\n                    <p>\u2022 Assessoria na melhoria cont\u00ednua do sistema de gest\u00e3o do neg\u00f3cio;<\/p>\n                    <p>\u2022 Acompanhamento peri\u00f3dico dos indicadores de desempenho;<\/p>\n                    <p>\u2022 Auditorias de acompanhamento;<\/p>\n                    <p>\u2022 Integra\u00e7\u00e3o entre sistemas de gest\u00e3o: qualidade, seguran\u00e7a da informa\u00e7\u00e3o, ambiental, SST, etc.<\/p>\n                  <\/div>\n                <\/div>\n              <\/div>\n            <\/div>\n          <\/div>\n        <\/div>\n      <\/div>\n    <\/div>\n  <\/div>\n<\/div>","protected":false},"excerpt":{"rendered":"<p>ASSESSORIA Baseada nos princ\u00edpios do PDCA que comp\u00f5e a estrutura prevista para as normas de gest\u00e3o. FASE 1: Planejamento \u2022 Defini\u00e7\u00e3o da estrat\u00e9gia de organiza\u00e7\u00e3o e da implanta\u00e7\u00e3o; \u2022 Defini\u00e7\u00e3o dos resultados esperados para o neg\u00f3cio; \u2022 Diagn\u00f3stico de Gest\u00e3o; \u2022 Defini\u00e7\u00e3o de Pol\u00edticas de Gest\u00e3o; \u2022 An\u00e1lise e\/ou defini\u00e7\u00e3o de estrutura organizacional; \u2022 Estrutura\u00e7\u00e3o [&hellip;]<\/p>\n","protected":false},"author":2,"featured_media":0,"parent":0,"menu_order":0,"comment_status":"closed","ping_status":"closed","template":"page-templates\/full-width-page.php","meta":{"footnotes":""},"class_list":["post-92","page","type-page","status-publish","hentry"],"_links":{"self":[{"href":"https:\/\/qualicall.com.br\/index.php\/wp-json\/wp\/v2\/pages\/92","targetHints":{"allow":["GET"]}}],"collection":[{"href":"https:\/\/qualicall.com.br\/index.php\/wp-json\/wp\/v2\/pages"}],"about":[{"href":"https:\/\/qualicall.com.br\/index.php\/wp-json\/wp\/v2\/types\/page"}],"author":[{"embeddable":true,"href":"https:\/\/qualicall.com.br\/index.php\/wp-json\/wp\/v2\/users\/2"}],"replies":[{"embeddable":true,"href":"https:\/\/qualicall.com.br\/index.php\/wp-json\/wp\/v2\/comments?post=92"}],"version-history":[{"count":4,"href":"https:\/\/qualicall.com.br\/index.php\/wp-json\/wp\/v2\/pages\/92\/revisions"}],"predecessor-version":[{"id":466,"href":"https:\/\/qualicall.com.br\/index.php\/wp-json\/wp\/v2\/pages\/92\/revisions\/466"}],"wp:attachment":[{"href":"https:\/\/qualicall.com.br\/index.php\/wp-json\/wp\/v2\/media?parent=92"}],"curies":[{"name":"wp","href":"https:\/\/api.w.org\/{rel}","templated":true}]}}